x) = -53*x**3 + 264*x**2 - 2*x + 20. Give f(5).
-15
Let q(x) = 81*x**2 - 48*x - 24. Calculate q(-2).
396
Let t(l) = 2*l**2 - 83*l - 81. What is t(45)?
234
Let w(l) = l**3 - 7*l**2 + 51*l - 163. Give w(4).
-7
Let r(k) = -545*k - 43106. What is r(-79)?
-51
Let b(k) = -2*k**3 - 25*k**2 - 6*k - 254. Determine b(-13).
-7
Let v(q) = -24*q**2 - 122*q + 563. Give v(-8).
3
Let g(w) = -27*w**2 - 12*w + 6. Calculate g(-2).
-78
Let b(g) = -g**2 - 572*g + 48531. Determine b(75).
6
Let c(o) = 53*o + 497. Calculate c(-8).
73
Let f(l) = l**3 - 24*l**2 + 16*l + 134. Give f(23).
-27
Let b(r) = -3*r**3 - 22*r**2 + 143*r + 1027. Calculate b(-7).
-23
Let u(v) = 2*v + 140. Calculate u(-14).
112
Let i(y) = 6*y**2 + 71*y + 184. Give i(-8).
0
Let b(h) = 2*h**3 + 3*h**2 - 62*h + 1. What is b(4)?
-71
Let x(w) = -w**3 - 37*w**2 - 9*w + 8. Calculate x(0).
8
Let f(k) = 68*k - 45. Give f(-3).
-249
Let r(g) = -23*g**2 + 71*g + 56. Determine r(4).
-28
Let v(w) = -2*w**3 + 3*w**2 - 5*w + 16. Determine v(2).
2
Let c(u) = u**3 - 75*u**2 + 410*u - 8. Determine c(6).
-32
Let y(c) = 68*c + 2934. What is y(-43)?
10
Let t(b) = -b**3 + 25*b**2 - 39*b - 48. Determine t(24).
-408
Let q(h) = -h**3 + 24*h**2 - 22*h - 18. Calculate q(23).
5
Let p(o) = -5*o**3 - 20*o**2 + 14*o - 20. Calculate p(-6).
256
Let a(u) = -u**3 - 14*u**2 - 38*u - 81. Determine a(-12).
87
Let a(x) = -27*x + 631. Give a(24).
-17
Let c(w) = -1301*w + 11725. Determine c(9).
16
Let x(w) = w**3 - 60*w + 5. What is x(8)?
37
Let a(r) = -r**3 + 8*r**2 + 12*r - 60. What is a(8)?
36
Let b(z) = 358*z + 7115. Determine b(-20).
-45
Let o(b) = 7*b - 14. Determine o(2).
0
Let o(s) = s**3 - 15*s**2 + 61*s - 24. Give o(9).
39
Let l(y) = y**3 - 49*y**2 + 47*y + 71. Give l(48).
23
Let f(c) = 4*c**3 + 54*c**2 + 30*c + 78. Give f(-13).
26
Let a(w) = -2*w**3 - 20*w**2 - 21*w - 23. Determine a(-9).
4
Let i(m) = -5*m**2 + 27. What is i(-5)?
-98
Let v(t) = t**2 + 6*t - 41. Give v(-12).
31
Let a(z) = -2*z**3 - 10*z**2 + 9*z + 16. What is a(-8)?
328
Let z(y) = 4*y**2 + 68*y + 17. Give z(-17).
17
Let s(l) = -56*l + 636. What is s(12)?
-36
Let s(m) = -3*m**2 - 25*m + 18. Determine s(-9).
0
Let h(g) = -g**2 - 29*g - 122. Calculate h(-24).
-2
Let m(w) = -19*w**2 - 93*w + 480. Calculate m(-8).
8
Let h(k) = k**3 + 25*k**2 - 30*k - 2. Give h(-26).
102
Let b(y) = 12*y**2 + 144*y - 27. Determine b(-12).
-27
Let f(j) = 2*j**3 - 29*j**2 + 29*j - 68. Determine f(14).
142
Let g(o) = o**2 + 62*o + 434. Calculate g(-7).
49
Let f(m) = -m**3 - 16*m**2 + 14*m + 37. Determine f(-17).
88
Let u(g) = -88*g**2 + 120*g + 120. Calculate u(-1).
-88
Let d(k) = 19*k**2 + 112*k + 50. Give d(-6).
62
Let m(z) = -4*z**2 - 707*z - 1414. Calculate m(-2).
-16
Let n(d) = -d**2 - 79*d + 4598. Give n(39).
-4
Let w(t) = -2*t**3 + 4*t**2 + 3*t + 19. Give w(5).
-116
Let w(f) = -74*f - 4041. Calculate w(-54).
-45
Let x(i) = -i**3 - 109*i**2 + 340*i + 366. Give x(-112).
-82
Let t(r) = -18*r**3 - 918*r**2 - r - 46. Determine t(-51).
5
Let z(c) = -c**2 + 10*c + 158. Calculate z(-9).
-13
Let q(k) = -2*k**3 - 72*k**2 - 71*k - 12. Determine q(-35).
23
Let a(j) = 5*j**2 + 122*j - 65. Give a(-25).
10
Let t(a) = a**2 - 14*a + 35. What is t(11)?
2
Let w(l) = -9*l - 15. Determine w(-18).
147
Let s(a) = 3*a**2 - 30*a - 61. What is s(15)?
164
Let x(v) = 3*v**2 - 7*v - 64. Give x(8).
72
Let d(c) = -c**2 - 10*c - 18. Give d(-11).
-29
Let o(h) = 118*h**2 + 4*h - 4. Give o(-1).
110
Let v(y) = -y**3 - 35*y**2 - 63*y + 87. Determine v(-33).
-12
Let z(o) = 13*o**2 - 32*o - 9. Calculate z(2).
-21
Let k(d) = 7*d + 11. Determine k(5).
46
Let u(t) = -304*t - 597. Give u(-2).
11
Let r(g) = -g**3 + 36*g**2 - 303*g - 27. Determine r(22).
83
Let b(o) = -4*o**2 + 42*o - 309. Determine b(11).
-331
Let g(f) = -f**3 - 12*f**2 - 73*f - 113. Give g(-3).
25
Let p(v) = 4*v**3 - 54*v**2 + 28*v - 17. Determine p(13).
9
Let f(m) = -236*m + 248. Give f(2).
-224
Let c(m) = 400*m - 2403. Give c(6).
-3
Let l(t) = -2*t**2 + 213*t + 13424. Give l(151).
-15
Let u(w) = 6*w**2 + 13*w + 27. Determine u(-3).
42
Let g(z) = -z**3 - 12*z**2 + 11*z - 29. Determine g(-13).
-3
Let i(t) = 3*t**3 + 25*t**2 + 4*t - 31. Determine i(-8).
1
Let o(i) = -21*i + 206. What is o(12)?
-46
Let i(n) = -2*n**2 - 52*n - 183. What is i(-21)?
27
Let p(r) = -4*r**3 - 3*r**2 + 10*r + 15. Determine p(-2).
15
Let s(m) = -6849*m + 89040. Give s(13).
3
Let h(n) = -3*n**3 + 38*n**2 - 96*n - 21. What is h(3)?
-48
Let s(c) = -3*c**2 + 111*c - 727. Calculate s(6).
-169
Let j(b) = -b**2 - 36*b - 248. What is j(-15)?
67
Let j(f) = 5*f**3 + 5*f**2 - 16*f + 8. Calculate j(4).
344
Let t(k) = -21*k - 406. Calculate t(-19).
-7
Let f(t) = -t**3 - 6*t**2 + 2*t - 3. Calculate f(-6).
-15
Let o(i) = i**3 + 18*i**2 - 236*i + 235. Give o(8).
11
Let c(m) = -m**2 - 30*m - 85. Calculate c(-17).
136
Let q(f) = -93*f + 1475. Determine q(14).
173
Let c(u) = -369*u - 10271. What is c(-28)?
61
Let z(g) = -56*g + 1408. Calculate z(25).
8
Let j(k) = k**2 - 20*k - 222. Determine j(23).
-153
Let l(b) = -b**3 - 50*b**2 - b + 40. What is l(0)?
40
Let p(q) = 5*q**2 + 8*q + 24. Determine p(-8).
280
Let n(l) = l**3 - 10*l**2 - 8*l + 29. Determine n(7).
-174
Let t(i) = -i**2 + 216. What is t(15)?
-9
Let b(a) = 3*a**3 - 83*a**2 + 53*a + 33. Give b(27).
6
Let f(d) = -765*d + 6126. Determine f(8).
6
Let f(m) = -m**3 + 32*m**2 - 188*m + 9. Determine f(8).
41
Let z(k) = -k**3 + 8*k**2 + 3*k - 12. What is z(-3)?
78
Let j(z) = 5*z + 97. What is j(6)?
127
Let n(w) = 33*w**2 - 5*w + 11. Give n(2).
133
Let t(x) = -x**3 - 7*x**2 + 3531*x + 24697. Determine t(-7).
-20
Let u(v) = -41*v + 247. Determine u(11).
-204
Let z(l) = 69*l - 373. Determine z(6).
41
Let h(d) = 7*d**2 - 18*d + 1. What is h(4)?
41
Let v(t) = -t**3 - 54*t**2 - 120*t - 838. Determine v(-52).
-6
Let d(k) = -2*k**2 - 362*k - 3093. Give d(-9).
3
Let d(t) = 44*t + 937. Give d(-21).
13
Let m(d) = -d**2 + 22*d - 79. Calculate m(21).
-58
Let b(w) = w**3 - 11*w**2 - 8*w + 13. Calculate b(5).
-177
Let a(t) = -21*t**2 - 3422*t + 151. Calculate a(-163).
-12
Let k(a) = 128*a**3 + 2*a**2 - a - 2. Determine k(-1).
-127
Let u(f) = 3*f**3 - 17*f**2 - 18*f + 15. Give u(7).
85
Let p(m) = -2*m**2 - 574*m - 10687. What is p(-20)?
-7
Let p(y) = -y**2 + 302*y - 599. Give p(300).
1
Let s(h) = -h**2 + 63*h + 4. Calculate s(0).
4
Let u(f) = -f**2 - 31*f + 25. Give u(-10).
235
Let w(n) = -58*n + 11838. Calculate w(204).
6
Let l(k) = -11*k**2 + 8*k + 39. Calculate l(6).
-309
Let x(m) = -18*m**2 + 329*m - 68. Calculate x(18).
22
Let g(v) = -v**3 - 34*v**2 - 166*v + 13. Determine g(-6).
1
Let c(o) = o**3 + 5*o**2 - 68*o. Give c(8).
288
Let c(g) = -257*g + 768. What is c(3)?
-3
Let y(r) = 1182*r + 2356. Calculate y(-2).
-8
Let k(u) = u**2 - 183*u - 588. What is k(-3)?
-30
Let w(r) = -r**2 + 484*r - 2870. Give w(6).
-2
Let t(b) = -b**3 + 30*b**2 + 22*b + 32. What is t(31)?
-247
Let b(a) = 2*a**3 + 8*a**2 + 9*a + 16. Determine b(-6).
-182
Let c(j) = j**2 + 11*j - 95. Give c(-17).
7
Let r(w) = -1261*w + 6221. Calculate r(5).
-84
Let p(t) = -94*t - 12977. What is p(-138)?
-5
Let u(x) = -1633*x - 32661. Calculate u(-20).
-1
Let j(k) = 10*k + 690. Determine j(3).
720
Let s(p) = -10*p - 27. What is s(-9)?
63
Let j(h) = -10*h**3 - 2*h**2 + 2*h + 4. Determine j(-2).
72
Let z(s) = -s**3 + 6*s**2 - s + 1. Calculate z(5).
21
Let a(b) = -1213*b - 18194. Determine a(-15).
1
Let i(h) = 191*h - 7262. Calculate i(38).
-4
Let r(k) = 2*k**3 + 32*k**2 - 57*k - 394. What is r(-17)?
-3
Let x(i) = -i**3 - 2*i**2 + 30*i + 62. What is x(-6)?
26
Let c(a) = a**2 + 49*a + 417. What is c(-30)?
-153
Let p(w) = w**3 - 25*w**2 - 44*w - 9. Calculate p(27).
261
Let z(u) = -u**2 + 4527*u - 103593. Give z(23).
-1
Let x(t) = -26*t - 1141. Determine x(-45).
29
Let h(i) = -i**2 + 197*i - 2046. Determine h(11).
0
Let s(r) = -31*r - 1. Determine s(2).
-63
Let u(s) = -36*s - 186. Give u(-12).
246
Let l(g) = -43*g + 2429. Calculate l(62).
-237
Let x(m) = 8*m**2 - 50*m + 103. Calculate x(4).
31
Let b(c) = -c**2 - 30*c - 60. Give b(-27).
21
Let a(c) = -2*c**2 + 4*c + 52. What is a(6)?
4
Let i(y) = -34*y + 250. Determine i(13).
-192
Let u(a) = 59*a**3 + a**2 - 3*a - 4. Determine u(-1).
-59
Let r(v) = 198*v - 22377. Determine r(113).
-3
Let z(g) = -g**3 + 17*g**2 + 102*g - 237. Calculate z(-6).
-21
Let a(c) = c*